{"id":2,"date":"2022-09-04T21:41:20","date_gmt":"2022-09-04T19:41:20","guid":{"rendered":"http:\/\/adoptujpsa.com.pl\/?page_id=2"},"modified":"2026-02-09T13:26:12","modified_gmt":"2026-02-09T12:26:12","slug":"przykladowa-strona","status":"publish","type":"page","link":"https:\/\/adoptujpsa.com.pl\/","title":{"rendered":"O NAS"},"content":{"rendered":"\n<div class=\"wp-block-media-text alignwide is-stacked-on-mobile\"><figure class=\"wp-block-media-text__media\"><img loading=\"lazy\" decoding=\"async\" width=\"1024\" height=\"1024\" src=\"http:\/\/adoptujpsa.com.pl\/wp-content\/uploads\/2026\/02\/White-Simple-Pets-Challenge-Instagram-Post-1-1024x1024.png\" alt=\"\" class=\"wp-image-11165 size-full\" srcset=\"https:\/\/adoptujpsa.com.pl\/wp-content\/uploads\/2026\/02\/White-Simple-Pets-Challenge-Instagram-Post-1-1024x1024.png 1024w, https:\/\/adoptujpsa.com.pl\/wp-content\/uploads\/2026\/02\/White-Simple-Pets-Challenge-Instagram-Post-1-300x300.png 300w, https:\/\/adoptujpsa.com.pl\/wp-content\/uploads\/2026\/02\/White-Simple-Pets-Challenge-Instagram-Post-1-150x150.png 150w, https:\/\/adoptujpsa.com.pl\/wp-content\/uploads\/2026\/02\/White-Simple-Pets-Challenge-Instagram-Post-1-768x768.png 768w, https:\/\/adoptujpsa.com.pl\/wp-content\/uploads\/2026\/02\/White-Simple-Pets-Challenge-Instagram-Post-1-75x75.png 75w, https:\/\/adoptujpsa.com.pl\/wp-content\/uploads\/2026\/02\/White-Simple-Pets-Challenge-Instagram-Post-1.png 1080w\" sizes=\"auto, (max-width: 1024px) 100vw, 1024px\" \/><\/figure><div class=\"wp-block-media-text__content\">\n<div class=\"wp-block-group is-vertical is-layout-flex wp-container-core-group-is-layout-8cf370e7 wp-block-group-is-layout-flex\">\n<div class=\"wp-block-group is-vertical is-layout-flex wp-container-core-group-is-layout-8cf370e7 wp-block-group-is-layout-flex\">\n<p><strong>Adopcje odbywaj\u0105 si\u0119:<\/strong><\/p>\n\n\n\n<div class=\"wp-block-group is-vertical is-layout-flex wp-container-core-group-is-layout-8cf370e7 wp-block-group-is-layout-flex\">\n<div class=\"wp-block-group is-vertical is-layout-flex wp-container-core-group-is-layout-8cf370e7 wp-block-group-is-layout-flex\">\n<p>Pon &#8211; Pt: 9:00\u201315:00<\/p>\n\n\n\n<p>Sobota: 9:00\u201313:00<\/p>\n<\/div>\n<\/div>\n<\/div>\n<\/div>\n\n\n\n<p>Adopcje odbywaj\u0105 si\u0119 po wype\u0142nieniu ankiety przedadopcyjnej oraz um\u00f3wieniu wizyty.<\/p>\n\n\n\n<p><strong>tel. 501-232-300<\/strong><\/p>\n<\/div><\/div>\n\n\n\n<div style=\"height:100px\" aria-hidden=\"true\" class=\"wp-block-spacer\"><\/div>\n\n\n\n<h2 class=\"wp-block-heading has-text-align-left has-medium-font-size\" style=\"font-style:normal;font-weight:100;text-transform:uppercase\"><strong>adopcje s\u0105 ca\u0142kowicie bezp\u0142atne. <\/strong><\/h2>\n\n\n\n<p class=\"has-text-align-left\"><strong>Zwierz\u0119ta s\u0105 zaczipowane, wysterylizowane\/wykastrowane, posiadaj\u0105 ksi\u0105\u017ceczki zdrowia. <\/strong><\/p>\n\n\n\n<p class=\"has-text-align-left\"><strong>Obowi\u0105zuje umowa adopcyjna.<\/strong><\/p>\n\n\n<form role=\"search\" method=\"get\" action=\"https:\/\/adoptujpsa.com.pl\/\" class=\"wp-block-search__button-outside wp-block-search__text-button wp-block-search\"    ><label class=\"wp-block-search__label\" for=\"wp-block-search__input-1\" >Szukaj<\/label><div class=\"wp-block-search__inside-wrapper\" ><input class=\"wp-block-search__input\" id=\"wp-block-search__input-1\" placeholder=\"\" value=\"\" type=\"search\" name=\"s\" required \/><button aria-label=\"Szukaj\" class=\"wp-block-search__button wp-element-button\" type=\"submit\" >Szukaj<\/button><\/div><\/form>","protected":false},"excerpt":{"rendered":"<p>adopcje s\u0105 ca\u0142kowicie bezp\u0142atne. Zwierz\u0119ta s\u0105 zaczipowane, wysterylizowane\/wykastrowane, posiadaj\u0105 ksi\u0105\u017ceczki zdrowia. Obowi\u0105zuje umowa adopcyjna.<\/p>\n","protected":false},"author":1,"featured_media":0,"parent":0,"menu_order":0,"comment_status":"closed","ping_status":"open","template":"","meta":{"footnotes":""},"class_list":["post-2","page","type-page","status-publish","hentry"],"_links":{"self":[{"href":"https:\/\/adoptujpsa.com.pl\/index.php?rest_route=\/wp\/v2\/pages\/2","targetHints":{"allow":["GET"]}}],"collection":[{"href":"https:\/\/adoptujpsa.com.pl\/index.php?rest_route=\/wp\/v2\/pages"}],"about":[{"href":"https:\/\/adoptujpsa.com.pl\/index.php?rest_route=\/wp\/v2\/types\/page"}],"author":[{"embeddable":true,"href":"https:\/\/adoptujpsa.com.pl\/index.php?rest_route=\/wp\/v2\/users\/1"}],"replies":[{"embeddable":true,"href":"https:\/\/adoptujpsa.com.pl\/index.php?rest_route=%2Fwp%2Fv2%2Fcomments&post=2"}],"version-history":[{"count":13,"href":"https:\/\/adoptujpsa.com.pl\/index.php?rest_route=\/wp\/v2\/pages\/2\/revisions"}],"predecessor-version":[{"id":11171,"href":"https:\/\/adoptujpsa.com.pl\/index.php?rest_route=\/wp\/v2\/pages\/2\/revisions\/11171"}],"wp:attachment":[{"href":"https:\/\/adoptujpsa.com.pl\/index.php?rest_route=%2Fwp%2Fv2%2Fmedia&parent=2"}],"curies":[{"name":"wp","href":"https:\/\/api.w.org\/{rel}","templated":true}]}}